ive of -11*c**4/24 - c**3/3 + 10*c**2. Let y be (-3)/(-3)*(0 - 2). What is n(y)?
20
Let f = 369 + -375. Let a(v) = -v**3 - 5*v**2 + 3*v - 2. Determine a(f).
16
Let k = 9 + -4. Let i(g) = -3*g + 12. Let w(d) = d - 4. Let s = -61 - -72. Let v(a) = s*w(a) + 4*i(a). Determine v(k).
-1
Let n(b) = 3*b - 2. Let f(u) = -u**3 + 2*u**2 + 2*u. Let d be f(3). What is n(d)?
-11
Let m(v) = -1 - v - 8*v + 12*v - 2*v - 3. Calculate m(6).
2
Let z(i) = -8*i - 3. Let x be z(7). Let d = x - -11. Let c be (128/d)/(4/(-6)). Let m(q) = q + 1. Calculate m(c).
5
Let d(c) = 11*c + 3. Let b(u) = 13*u + 3. Let x(w) = 3*b(w) - 4*d(w). Calculate x(3).
-18
Let k(u) = u + 1. Let d be k(5). Let h be d*24/(-63) - (-2)/7. Let q(t) = 14*t. What is q(h)?
-28
Let i(b) = 3*b**3 + 22*b**2 - 16*b + 17. Let j(q) = -q**3 - 7*q**2 + 5*q - 6. Suppose 2*m - 21 + 7 = 0. Let v(d) = m*j(d) + 2*i(d). What is v(-6)?
10
Let s = 12 - 10. Suppose 0 = 2*h - 6, -13 = -3*n - s*n - h. Let q(f) = -8*f + 3*f - 4 - 3*f**n + 4*f**2 + 2. What is q(4)?
-6
Let q(p) be the third derivative of -p**4/24 - 2*p**3 - 31*p**2. Give q(-11).
-1
Let x(w) = w**3 + 3*w**2 - 4*w. Let q(y) = -2*y + 24. Let g be q(10). Suppose -3*c = -g*h + 20, -4*h = -5*c - 1 - 27. What is x(c)?
0
Let o(r) = 3357 - 1679 + 2*r**2 - 1679. Let b = 0 - -1. Calculate o(b).
1
Suppose 2*d = -v + 24, -d + 3 = -0*d. Let i be 2*(v/27)/(4/(-3)). Let k(g) = -14*g**2 + g + 1. Determine k(i).
-14
Let s(z) = 2*z + 25. Suppose 8 + 104 = -8*b. Calculate s(b).
-3
Suppose 5*k + 1 = -3*o, 8 = -2*k + 4*o + 18. Let m(a) be the third derivative of 0*a**3 + 0*a + 2*a**2 + 1/120*a**6 + 0 - 1/30*a**5 + 1/24*a**4. Calculate m(k).
0
Let j = 5 + -9. Let x(s) = -96*s**2 + 45*s**2 - 5*s**3 + 2*s + 46*s**2 - 5 + 4*s**3 - 6*s. Calculate x(j).
-5
Let g(f) be the third derivative of 0 + 0*f - 7*f**2 + 1/12*f**4 - 1/2*f**3. Determine g(2).
1
Let f(r) = 387*r**2 + 5*r - 386*r**2 - 6*r + 3*r**3 - r**3 + 1. What is f(1)?
3
Let b(s) = -2*s**3 + 67*s**2 - 388*s - 40. Let a be b(26). Let r(g) be the third derivative of -g**5/60 + 13*g**4/24 - 5*g**3/3 + g**2. What is r(a)?
2
Let j be 2 + (0 + -1)/1. Let l(u) = 6*u**2 - 5*u - 5. Let m(p) = -6*p**2 + 4*p + 4. Let i(x) = 4*l(x) + 5*m(x). Give i(j).
-6
Suppose -2*y + 4 = t - 7, -2*t = -6. Let j(r) = r**3 - 2*r**2 + r - 5. Give j(y).
31
Let v(z) = 4*z**3 - 2*z**2 - 3*z - 18. Let g(l) = 5*l**3 - l**2 - 3*l - 21. Let o(p) = 5*g(p) - 6*v(p). Suppose 3*r = -4 - 17. Determine o(r).
-18
Let n(s) = 5*s + 2. Let h = 32 - 36. Determine n(h).
-18
Let s = 0 - -2. Let f = s - 3. Let x be f/(-2) + (-15)/(-6). Let y(p) = -p**3 + 2*p**2 + 2*p - 1. Give y(x).
-4
Let o be (-266)/(-56) + 8/32. Let s(m) = -4*m**2 + 18*m - 5. What is s(o)?
-15
Let q(g) = g**3 - 12*g**2 - 14*g + 7. Let u be q(13). Let j(b) = -b**2 - 9*b - 9. Calculate j(u).
9
Let d = 21 - 19. Let t(i) = 4*i**2 + i - i**2 - 4*i**d + 8. What is t(0)?
8
Let y be 40/22 + 4/22. Let u(k) = -3*k + 243 + k**y - 241 - k**3 + 5*k**2. Let d = 3 - -2. Determine u(d).
12
Let x(i) be the third derivative of 1/24*i**4 - 1/3*i**3 + 1/10*i**5 + 0*i + 0 - 1/120*i**6 + 10*i**2. What is x(6)?
4
Let o be ((-84)/24 + 5)*-1*2. Let b(u) = -11*u - 53. Let t(r) = 4*r + 18. Suppose 0 = -c + 2*c + 8. Let a(d) = c*t(d) + o*b(d). Give a(0).
15
Let r(f) = -2*f**2 + 11*f + 3. Suppose 33 + 12 = 9*o. Determine r(o).
8
Let k(j) be the third derivative of -j**6/120 - 7*j**5/60 - j**4/4 - j**3/2 - 65*j**2. Determine k(-5).
-23
Let k(p) be the second derivative of p**4/12 - 2*p**3 - 17*p**2/2 - 2*p + 142. What is k(14)?
11
Let k(g) = -3*g. Let j(s) = -s - 10. Let x be j(-13). Calculate k(x).
-9
Let r(x) = -x. Let h(y) = 0*y + 4*y**2 - 5*y - 2*y**2 - y**2 + 6. Let v(g) = -h(g) - 5*r(g). Let i(p) = p**2 + 11*p - 17. Let a be i(2). What is v(a)?
3
Let p(m) be the second derivative of m**4/12 + 2*m**3/3 + 3*m**2 - 36*m. Give p(-5).
11
Let z = -3 + 6. Suppose 4*h = 3*i - 11 + 44, -z = i. Suppose 0 = 17*f - 16*f + h. Let n(c) = -c**2 - 4*c + 7. Determine n(f).
-5
Let m(r) = -r**3 - 3*r**2 + 3*r - 31. Let p be m(-5). Let f(j) = j**3 - 2*j**2 - 5*j + 4. Give f(p).
16
Let h(g) = -4*g**2 - g + g**3 + 5*g**2 - 3*g**3. Suppose 23 = -9*m + 68. Suppose m = -25*w + 30*w. Determine h(w).
-2
Let s(m) = -11*m**3 - m**2 + m. Suppose i - 10 + 3 = -2*d, 2*i + 3*d = 11. Calculate s(i).
-11
Let w(p) = 13*p**3 + 4*p**2 + 16*p. Let q(u) = 28*u**3 + 7*u**2 + 33*u - 2. Let n(t) = -6*q(t) + 13*w(t). What is n(-9)?
3
Let q(s) = 2*s**3 - 28*s**2 + 29*s - 32. Let r be q(13). Let k(f) = -f**2 + 13*f - 10. What is k(r)?
32
Let z(k) = -38 - 31 - 4*k + 68. Suppose g - 4*y = -0*y + 5, 5*y = 2*g - 7. Give z(g).
-5
Let m(u) be the second derivative of -u**4/6 - u**3/2 + u**2/2 + u - 16. Give m(-3).
-8
Let n(i) be the second derivative of i**4/12 - i**2/2 - 6*i - 8. What is n(-2)?
3
Let l(g) be the second derivative of -g**3 + 0 + 0*g**2 - 43*g - 1/6*g**4. Give l(-4).
-8
Let k(w) = -7*w**2 + 11*w**2 - 8*w - 7 - 5*w**2. Let j(m) = -m + 2. Let b(g) = g**3 + 8. Let i be b(0). Let q be j(i). Determine k(q).
5
Let x(n) = 11*n**2 + 16*n + 5. Let p(g) = -4*g**2 - 5*g - 2. Let m(o) = -8*p(o) - 3*x(o). Calculate m(-5).
16
Let t(w) = -w**3 - 10*w**2 + 9*w - 14. Let f = 179 + -190. Determine t(f).
8
Suppose 0 = -2*j - 6 - 2. Let v(a) = 2*a + 10. Let s be v(-4). Let n(i) = 4*i**3 - 3 - 5*i**3 + 1 - 2*i**s + 5*i. Give n(j).
10
Let o(l) be the second derivative of 7*l**4/12 + 23*l. Let u be o(1). Let s(k) = -k**3 + 7*k**2 + 3*k - 2. What is s(u)?
19
Let a(u) be the third derivative of -u**6/360 + 3*u**5/40 + u**4/8 - 13*u**3/2 + 7*u**2 + 3*u. Let x(c) be the first derivative of a(c). Calculate x(8).
11
Let q(y) = -3*y + 3. Let a(g) = -4*g + 2. Let b(d) = -4*a(d) + 5*q(d). Let k = -98 + 98. What is b(k)?
7
Let t be (24/(-9) + 2)/((-1)/(-18)). Let w(z) = -z**2 + z - 1. Let l(g) = g**3 + 13*g**2 - 14*g - 3. Let s(m) = -l(m) - 2*w(m). Determine s(t).
5
Let m(h) be the second derivative of h**4/12 + h**3/3 - h**2/2 + 5*h. Let c be m(0). Let t be 3 + 0 - (5 + c). Let r(g) = -6*g**3 - g**2 + 1. Determine r(t).
6
Let o(x) = x + 6. Let k(z) = -z**3 + z**2 - 3*z - 13. Let w(j) = -3*k(j) - 7*o(j). Let h(t) = -t**3. Let n(g) = 4*h(g) + w(g). Give n(-4).
5
Let n(h) = -13*h**2 - 2*h - 13. Let k(b) = -2*b**2 + b - 1. Let w(r) = 6*k(r) - n(r). Give w(-6).
-5
Let k(g) = g**3 + 12*g**2 - 15*g - 18. Suppose -2*z = 0, 29*u - 25*u + 52 = z. What is k(u)?
8
Let a(x) = 2*x - 4*x + 3*x**2 - 1 + 3 + 3*x. Determine a(-2).
12
Let f(s) = 2*s. Let o(w) = -9*w - 1. Let a(n) = 6*f(n) + 2*o(n). What is a(-3)?
16
Let i be ((-4 + 3)*-3)/((-1)/3). Let x(m) be the second derivative of m**3/2 + 13*m**2/2 + 11*m. Give x(i).
-14
Let j be (-1090)/(-60) - (-2)/(-12). Let v = j - 16. Let p be 1/((-4)/(-4*v)). Let d(w) = -w**3 + 2*w**2 - w. Calculate d(p).
-2
Let q(v) = -11*v**2 + 24*v + 58. Let k(f) = 13*f**2 - 25*f - 60. Let j(t) = 6*k(t) + 7*q(t). Calculate j(-15).
1
Let x(o) be the second derivative of o**4/3 + o**3/3 - 55*o**2/2 - 50*o. Let f(a) be the first derivative of x(a). What is f(-3)?
-22
Suppose 5*b - 18 - 12 = 0. Suppose 4 + 8 = 3*s. Let y(n) = 5*n**2 - 5*n - 9. Let k(t) = 9*t**2 - 10*t - 17. Let g(z) = s*k(z) - 7*y(z). What is g(b)?
1
Let y(p) be the second derivative of p**6/720 + p**5/40 - 5*p**4/4 - 12*p. Let q(k) be the third derivative of y(k). Calculate q(6).
9
Let o(q) be the third derivative of -q**6/120 + 7*q**5/60 - q**4/12 + 4*q**3/3 + 188*q**2. Suppose -23 = -m - 4*m - 4*b, -m + 22 = -5*b. Calculate o(m).
-6
Let m(z) = 1 - 7*z + 0 + z**2 + 5. Let b(j) = -j**2 + 200*j - 778. Let r be b(4). Give m(r).
0
Let d(n) = -n**3 + 78*n**2 - 181*n**2 + 3*n - 3 + 106*n**2. Let g be -5*(16/10 - 2). Suppose -3*f + 15 = g*f. What is d(f)?
6
Let h(v) be the second derivative of v**5/30 + v**4/8 - v**3/2 - 11*v**2/2 + 31*v. Let u(p) be the first derivative of h(p). Calculate u(-3).
6
Let k(y) = -2*y - 6. Let v = -45 - -41. What is k(v)?
2
Let t(p) be the first derivative of -p**2/2 - 6*p + 29. Let b(u) = 2*u - 1. Let m be b(1). Let h = 6 - m. Give t(h).
-11
Let d(u) = -3*u - 1. Suppose -6*c + 5*f = -c - 5, 5*c - 4*f = 8. Suppose 1 = -s + i, 5*i - 7 + 4 = c*s. What is d(s)?
5
Let y(n) = -2*n**3 - 2*n**2 - 2. Let q be (-2 + 1)*(1 - -2). What is y(q)?
34
Let t(z) = z**2 + 7*z + 2. Let y be t(-3). Let v be (